{"id":75,"date":"2016-06-20T16:20:16","date_gmt":"2016-06-20T19:20:16","guid":{"rendered":"http:\/\/www.ideaas.org.br\/?page_id=75"},"modified":"2025-06-30T11:43:36","modified_gmt":"2025-06-30T14:43:36","slug":"referencias-na-midia","status":"publish","type":"page","link":"https:\/\/www.ideaas.org.br\/?page_id=75","title":{"rendered":"Not\u00edcias"},"content":{"rendered":"<h4 class=\"text-xl xl:text-[2.5rem] font-bold font-charterbold leading-snug xl:leading-10 dark:text-white\">Instituto Ideaas conecta energia limpa a direitos humanos essenciais<\/h4>\n<p><a href=\"https:\/\/www.jornaldocomercio.com\/cadernos\/empresas-e-negocios\/2025\/06\/1208206-instituto-ideaas-conecta-energia-limpa-a-direitos-humanos-essenciais.html\">https:\/\/www.jornaldocomercio.com\/cadernos\/empresas-e-negocios\/2025\/06\/1208206-instituto-ideaas-conecta-energia-limpa-a-direitos-humanos-essenciais.html<\/a><\/p>\n<h4>25 de abril de 2022: Oficina promove fortalecimento do associativismo junto a parteiras tradicionais no Amazonas (Projeto Dando Luz ao Futuro)<\/h4>\n<p><a href=\"https:\/\/www.mamiraua.org.br\/noticias\/oficina-promove-fortalecimento-do-associativismo-junto-a-parteiras-tradicionais-no-amazonas\">https:\/\/www.mamiraua.org.br\/noticias\/oficina-promove-fortalecimento-do-associativismo-junto-a-parteiras-tradicionais-no-amazonas<\/a><\/p>\n<h4>14 de dezembro de 2021: Em segunda fase, projeto Luz para uma vida melhor amplia op\u00e7\u00f5es de acesso \u00e0 energia solar nas ilhas de Cotijuba (PA)<\/h4>\n<p><a href=\"https:\/\/peabiru.org.br\/2019\/08\/01\/em-segunda-fase-projeto-luz-para-uma-vida-melhor-amplia-opcoes-de-acesso-a-energia-solar-nas-ilhas-de-cotijuba-pa\/\">https:\/\/peabiru.org.br\/2019\/08\/01\/em-segunda-fase-projeto-luz-para-uma-vida-melhor-amplia-opcoes-de-acesso-a-energia-solar-nas-ilhas-de-cotijuba-pa\/<\/a><\/p>\n<h4 id=\"m69-68-70\">13 de fevereiro de 2020: La preservaci\u00f3n de la regi\u00f3n amaz\u00f3nica se nutre de la autogesti\u00f3n a trav\u00e9s de proyectos colaborativos entre comunidades locales y organizaciones no gubernamentales.(PROJETO BAILIQUE SOLAR)<\/h4>\n<p><a href=\"https:\/\/www.publico.es\/sociedad\/m-ambiente\/transporte-energia-solar-rios-resucitados-formas-salvar-amazonia.html\">https:\/\/www.publico.es\/sociedad\/m-ambiente\/transporte-energia-solar-rios-resucitados-formas-salvar-amazonia.html<\/a><\/p>\n<h4>01 de dezembro de 2019: Na Amaz\u00f4nia em chamas, quem tem gelo \u00e9 rei\u00a0(PROJETO BAILIQUE SOLAR)<\/h4>\n<p><a href=\"https:\/\/oglobo.globo.com\/epoca\/sociedade\/na-amazonia-em-chamas-quem-tem-gelo-rei-24108705?fbclid=IwAR0F-ecyZPSLrlOBsqp_43AjpXD0VnZMl_AUmpCuAl4PMvJPFz2vvNMDH9Q\">https:\/\/oglobo.globo.com\/epoca\/sociedade\/na-amazonia-em-chamas-quem-tem-gelo-rei-24108705?fbclid=IwAR0F-ecyZPSLrlOBsqp_43AjpXD0VnZMl_AUmpCuAl4PMvJPFz2vvNMDH9Q<\/a><\/p>\n<h4><time class=\"single-post-time\">28 de outubro de 2019:\u00a0<\/time>Energia solar, o gelo e o a\u00e7a\u00ed conectam comunidades da Amaz\u00f4nia<\/h4>\n<p><a href=\"https:\/\/www.greenpeace.org\/brasil\/blog\/energia-solar-o-gelo-e-o-acai-conectam-comunidades-da-amazonia\/\">https:\/\/www.greenpeace.org\/brasil\/blog\/energia-solar-o-gelo-e-o-acai-conectam-comunidades-da-amazonia\/<\/a><\/p>\n<h4>12 de junho de 2019: Kits de energia solar ser\u00e3o comercializados em comunidades isoladas na Amaz\u00f4nia Central<\/h4>\n<p><a href=\"https:\/\/www.mamiraua.org.br\/noticias\/energia-solar-amazonia-comunidades-ribeirinhas\">https:\/\/www.mamiraua.org.br\/noticias\/energia-solar-amazonia-comunidades-ribeirinhas<\/a><\/p>\n<h4>14 de agosto de 2017:\u00a0SBT PAR\u00c1 &#8211; Kit de energia solar muda vida de ribeirinhos de Bel\u00e9m<\/h4>\n<p><a href=\"https:\/\/www.youtube.com\/watch?v=J8zpFCCmjuE\">https:\/\/www.youtube.com\/watch?v=J8zpFCCmjuE<\/a><\/p>\n<h4>04 de abril de 2016: \u00a1Ilumina tu vida! El papel de la energ\u00eda eficiente y sostenible en los Deportes para el Desarrollo<\/h4>\n<p><a href=\"https:\/\/blogs.iadb.org\/energia\/es\/ilumina-tu-vida-el-papel-de-la-energia-sostenible-en-los-deportes-para-el-desarrollo\/\">https:\/\/blogs.iadb.org\/energia\/es\/ilumina-tu-vida-el-papel-de-la-energia-sostenible-en-los-deportes-para-el-desarrollo\/<\/a><\/p>\n<h4>janeiro de 2016: Illuminating soccer fields and community life<\/h4>\n<p><a href=\"https:\/\/www.philips.com\/content\/corporate\/en_AA\/foundation\/projects\/light-up-your-life.html\">https:\/\/www.philips.com\/content\/corporate\/en_AA\/foundation\/projects\/light-up-your-life.html<\/a><\/p>\n<h4><\/h4>\n<h4>V\u00eddeos<\/h4>\n<p><iframe loading=\"lazy\" title=\"SBT PAR\u00c1 (14.08.2017) Kit de energia solar muda vida de ribeirinhos de Bel\u00e9m\" width=\"634\" height=\"357\" src=\"https:\/\/www.youtube.com\/embed\/J8zpFCCmjuE?feature=oembed\" frameborder=\"0\" allow=\"accelerometer; autoplay; clipboard-write; encrypted-media; gyroscope; picture-in-picture; web-share\" referrerpolicy=\"strict-origin-when-cross-origin\" allowfullscreen><\/iframe><\/p>\n<p><iframe loading=\"lazy\" src=\"https:\/\/www.youtube.com\/embed\/ascRZgKWE80?rel=0\" width=\"560\" height=\"315\" frameborder=\"0\" allowfullscreen=\"allowfullscreen\"><\/iframe><\/p>\n<p><iframe loading=\"lazy\" src=\"https:\/\/www.youtube.com\/embed\/8XBmBiOw5AE?rel=0\" width=\"560\" height=\"315\" frameborder=\"0\" allowfullscreen=\"allowfullscreen\"><\/iframe><\/p>\n<p><iframe loading=\"lazy\" src=\"https:\/\/www.youtube.com\/embed\/LfmFEBRmgLU?rel=0\" width=\"560\" height=\"315\" frameborder=\"0\" allowfullscreen=\"allowfullscreen\"><\/iframe><\/p>\n<p>&nbsp;<\/p>\n<p>&nbsp;<\/p>\n<h4>Artigos em sites<\/h4>\n<p><a href=\"https:\/\/exame.abril.com.br\/mundo\/missionario-energia-515680\/\">Revista Exame<\/a><\/p>\n<p><a href=\"http:\/\/www.terra.com.br\/istoedinheiro-temp\/edicoes\/639\/artigo159299-1.htm\">Isto \u00e9 Dinheiro<\/a><\/p>\n<p><a href=\"http:\/\/rts.ibict.br\/entrevistas\/fabio-rosa-um-engenheiro-agronomo-e-fundador-da-ong-ideaas\">RTS &#8211; IBICT<\/a><\/p>\n<p>&nbsp;<\/p>\n<p><a href=\"http:\/\/rts.ibict.br\/entrevistas\/fabio-rosa-um-engenheiro-agronomo-e-fundador-da-ong-ideaas\">RTS &#8211; IBICT<\/a><\/p>\n<p><a href=\"http:\/\/www.americadosol.org\/eletrificacao-rural-solar\/\">Am\u00e9rica do Sol<\/a><\/p>\n<p><a href=\"http:\/\/www.jornalagora.com.br\/site\/content\/noticias\/print.php?id=12752\">Jornal Agora<\/a><\/p>\n<p><a href=\"http:\/\/www.ecodesenvolvimento.org\/posts\/2011\/julho\/fabio-rosa-fundador-da-ong-ideaas-conta-sobre-a\">Eco desenvolvimento<\/a><\/p>\n<p><a href=\"https:\/\/ww2.itau.com.br\/hotsites\/sustentabilidade\/_\/no-seu-dia-a-dia\/sustentabilidade-na-pratica\/cases\/case-ecomudanca.html\">Ita\u00fa<\/a><\/p>\n<p><a href=\"http:\/\/www.terra.com.br\/istoedinheiro-temp\/edicoes\/639\/artigo159299-2.htm\">Isto \u00e9 Dinheiro<\/a><\/p>\n<p><a href=\"http:\/\/redeglobo.globo.com\/como-sera\/noticia\/2015\/04\/ong-ideaas-promove-modelos-sustentaveis-de-geracao-de-energia.html\">Rede Globo<\/a><\/p>\n<p><a href=\"http:\/\/www.nuca.ie.ufrj.br\/blogs\/gesel-ufrj\/index.php?\/archives\/7308-ONG-Ideaas-energia-limpa-para-todos.html\">NUCA &#8211; UFRJ<\/a><\/p>\n<p><a href=\"https:\/\/www.ashoka.org\/fellow\/f%C3%A1bio-luiz-de-oliveira-rosa\">Ashoka<\/a><\/p>\n<p><a href=\"http:\/\/energymap-scu.org\/ideaas\/\">Energy Map &#8211; SCU<\/a><\/p>\n<p><a href=\"http:\/\/www.schwabfound.org\/content\/fabio-rosa\">Schwab Found<\/a><\/p>\n<p><a href=\"http:\/\/www.reeep.org\/news\/ideaas-wins-ita%C3%BA-bank-awards\">REEEP.org<\/a><\/p>\n<p><a href=\"http:\/\/nexus-scu.org\/energymap\/ideaas\/\">Nexus &#8211; SCU<\/a><\/p>\n","protected":false},"excerpt":{"rendered":"<p>Instituto Ideaas conecta energia limpa a direitos humanos essenciais https:\/\/www.jornaldocomercio.com\/cadernos\/empresas-e-negocios\/2025\/06\/1208206-instituto-ideaas-conecta-energia-limpa-a-direitos-humanos-essenciais.html 25 de abril de 2022: Oficina promove fortalecimento do associativismo junto a parteiras tradicionais no Amazonas (Projeto Dando Luz ao Futuro) https:\/\/www.mamiraua.org.br\/noticias\/oficina-promove-fortalecimento-do-associativismo-junto-a-parteiras-tradicionais-no-amazonas 14 de dezembro de 2021: Em segunda fase, projeto Luz para uma vida melhor amplia op\u00e7\u00f5es de acesso \u00e0 energia solar nas ilhas [&hellip;]<\/p>\n","protected":false},"author":2,"featured_media":0,"parent":0,"menu_order":0,"comment_status":"closed","ping_status":"closed","template":"","meta":{"footnotes":""},"class_list":["post-75","page","type-page","status-publish","hentry"],"_links":{"self":[{"href":"https:\/\/www.ideaas.org.br\/index.php?rest_route=\/wp\/v2\/pages\/75","targetHints":{"allow":["GET"]}}],"collection":[{"href":"https:\/\/www.ideaas.org.br\/index.php?rest_route=\/wp\/v2\/pages"}],"about":[{"href":"https:\/\/www.ideaas.org.br\/index.php?rest_route=\/wp\/v2\/types\/page"}],"author":[{"embeddable":true,"href":"https:\/\/www.ideaas.org.br\/index.php?rest_route=\/wp\/v2\/users\/2"}],"replies":[{"embeddable":true,"href":"https:\/\/www.ideaas.org.br\/index.php?rest_route=%2Fwp%2Fv2%2Fcomments&post=75"}],"version-history":[{"count":16,"href":"https:\/\/www.ideaas.org.br\/index.php?rest_route=\/wp\/v2\/pages\/75\/revisions"}],"predecessor-version":[{"id":807,"href":"https:\/\/www.ideaas.org.br\/index.php?rest_route=\/wp\/v2\/pages\/75\/revisions\/807"}],"wp:attachment":[{"href":"https:\/\/www.ideaas.org.br\/index.php?rest_route=%2Fwp%2Fv2%2Fmedia&parent=75"}],"curies":[{"name":"wp","href":"https:\/\/api.w.org\/{rel}","templated":true}]}}