{"id":289,"date":"2018-05-29T19:25:08","date_gmt":"2018-05-29T22:25:08","guid":{"rendered":"http:\/\/www.ideaas.org.br\/?page_id=289"},"modified":"2019-07-25T19:15:30","modified_gmt":"2019-07-25T22:15:30","slug":"centro-de-aprendizagem","status":"publish","type":"page","link":"https:\/\/www.ideaas.org.br\/?page_id=289","title":{"rendered":"CENTRO DE APRENDIZAGEM"},"content":{"rendered":"<h3 style=\"text-align: justify;\">Informa\u00e7\u00f5es<\/h3>\n<p style=\"text-align: justify;\">O Centro de Aprendizagem de Energias Renov\u00e1veis do IDEAAS est\u00e1 localizado no munic\u00edpio de Santo Ant\u00f4nio da Patrulha, Rio Grande do Sul, e tem como objetivo demonstrar na pr\u00e1tica experi\u00eancias com uso de energias renov\u00e1veis, novas tecnologias e modelos de neg\u00f3cios sustent\u00e1veis.<\/p>\n<p style=\"text-align: justify;\">Neste Centro, s\u00e3o demonstradas as mais variadas tecnologias e especialmente equipamentos de gera\u00e7\u00e3o solar fotovoltaicos, e\u00f3lico, h\u00eddrico e solar t\u00e9rmico. Al\u00e9m de um modelo de casa sustent\u00e1vel, o centro abriga cursos de treinamento, desenvolvimento de produtos e atividades para promo\u00e7\u00e3o da conscientiza\u00e7\u00e3o para o uso respons\u00e1vel de energia e respeito ao meio ambiente.<\/p>\n<p style=\"text-align: justify;\">Desde agosto de 2009, atrav\u00e9s de uma premia\u00e7\u00e3o recebida do FIES \u2013 Fundo Ita\u00fa de Empreendimento Sociais (www.itau.com.br\/fies), foram iniciados trabalhos de educa\u00e7\u00e3o ambiental e acesso a energias renov\u00e1veis de forma cont\u00ednua e ordenada, com aulas sobre meio ambiente e gera\u00e7\u00e3o descentralizada de energias renov\u00e1veis para alunos do ensino m\u00e9dio das escolas de Santo Ant\u00f4nio da Patrulha.<\/p>\n<h3 style=\"text-align: justify;\">\u00c1reas<\/h3>\n<p style=\"text-align: justify;\">\u2022 Gera\u00e7\u00e3o Solar Fotovoltaica<\/p>\n<p style=\"text-align: justify;\">\u2022 Gera\u00e7\u00e3o E\u00f3lica<\/p>\n<p style=\"text-align: justify;\">\u2022 Gera\u00e7\u00e3o H\u00eddrica<\/p>\n<p style=\"text-align: justify;\">\u2022 Gera\u00e7\u00e3o Solar T\u00e9rmica<\/p>\n<h3 style=\"text-align: justify;\">Visitas<\/h3>\n<p style=\"text-align: justify;\">H\u00e1 a oportunidade de receber visitantes para mostrar os trabalhos com preserva\u00e7\u00e3o, conserva\u00e7\u00e3o e uso sustent\u00e1vel da biodiversidade local.<\/p>\n<p style=\"text-align: justify;\">O IDEAAS possui tamb\u00e9m um viveiro para a produ\u00e7\u00e3o de mudas de esp\u00e9cies nativas da regi\u00e3o, tem trabalhos de reflorestamento, recupera\u00e7\u00e3o de \u00e1reas degradadas e de \u00e1reas de preserva\u00e7\u00e3o permanente.<\/p>\n<p style=\"text-align: justify;\">Entre em contato para agendar sua visita.<\/p>\n<h3 style=\"text-align: justify;\">Parcerias e Patroc\u00ednios<\/h3>\n<p style=\"text-align: justify;\">Estamos abertos para o desenvolvimento de parcerias envolvendo novos projetos, entre em contato para mais informa\u00e7\u00f5es.<\/p>\n<div id='custom-gallery gallery-289' class='gallery galleryid-289 gallery-columns-3'>\n<dl class='gallery-item gallery-columns-3'><a href=\"https:\/\/www.ideaas.org.br\/wp-content\/uploads\/2016\/06\/DSC_0210.jpg\" rel='post-289' class=\"fancybox\" title='Centro de Aprendizagem IDEAAS'>\n<div class='gallery-item-thumb'><img decoding=\"async\" src=\"https:\/\/www.ideaas.org.br\/wp-content\/uploads\/2016\/06\/DSC_0210.jpg\" alt='Centro de Aprendizagem IDEAAS' \/><\/div>\n<div class='wp-caption-text'>Centro de Aprendizagem IDEAAS<\/div><\/a>\n<\/dl><dl class='gallery-item gallery-columns-3'><a href=\"https:\/\/www.ideaas.org.br\/wp-content\/uploads\/2016\/06\/DSC_0195.jpg\" rel='post-289' class=\"fancybox\" title='Centro de Aprendizagem IDEAAS'>\n<div class='gallery-item-thumb'><img decoding=\"async\" src=\"https:\/\/www.ideaas.org.br\/wp-content\/uploads\/2016\/06\/DSC_0195.jpg\" alt='Centro de Aprendizagem IDEAAS' \/><\/div>\n<div class='wp-caption-text'>Centro de Aprendizagem IDEAAS<\/div><\/a>\n<\/dl><dl class='gallery-item gallery-columns-3'><a href=\"https:\/\/www.ideaas.org.br\/wp-content\/uploads\/2016\/06\/DSC_0209.jpg\" rel='post-289' class=\"fancybox\" title='Centro de Aprendizagem IDEAAS'>\n<div class='gallery-item-thumb'><img decoding=\"async\" src=\"https:\/\/www.ideaas.org.br\/wp-content\/uploads\/2016\/06\/DSC_0209.jpg\" alt='Centro de Aprendizagem IDEAAS' \/><\/div>\n<div class='wp-caption-text'>Centro de Aprendizagem IDEAAS<\/div><\/a>\n<\/dl><\/div>\n\n<p>&nbsp;<\/p>\n<p>&nbsp;<\/p>\n","protected":false},"excerpt":{"rendered":"<p>Informa\u00e7\u00f5es O Centro de Aprendizagem de Energias Renov\u00e1veis do IDEAAS est\u00e1 localizado no munic\u00edpio de Santo Ant\u00f4nio da Patrulha, Rio Grande do Sul, e tem como objetivo demonstrar na pr\u00e1tica experi\u00eancias com uso de energias renov\u00e1veis, novas tecnologias e modelos de neg\u00f3cios sustent\u00e1veis. Neste Centro, s\u00e3o demonstradas as mais variadas tecnologias e especialmente equipamentos de [&hellip;]<\/p>\n","protected":false},"author":2,"featured_media":0,"parent":0,"menu_order":0,"comment_status":"closed","ping_status":"closed","template":"","meta":{"footnotes":""},"class_list":["post-289","page","type-page","status-publish","hentry"],"_links":{"self":[{"href":"https:\/\/www.ideaas.org.br\/index.php?rest_route=\/wp\/v2\/pages\/289","targetHints":{"allow":["GET"]}}],"collection":[{"href":"https:\/\/www.ideaas.org.br\/index.php?rest_route=\/wp\/v2\/pages"}],"about":[{"href":"https:\/\/www.ideaas.org.br\/index.php?rest_route=\/wp\/v2\/types\/page"}],"author":[{"embeddable":true,"href":"https:\/\/www.ideaas.org.br\/index.php?rest_route=\/wp\/v2\/users\/2"}],"replies":[{"embeddable":true,"href":"https:\/\/www.ideaas.org.br\/index.php?rest_route=%2Fwp%2Fv2%2Fcomments&post=289"}],"version-history":[{"count":6,"href":"https:\/\/www.ideaas.org.br\/index.php?rest_route=\/wp\/v2\/pages\/289\/revisions"}],"predecessor-version":[{"id":472,"href":"https:\/\/www.ideaas.org.br\/index.php?rest_route=\/wp\/v2\/pages\/289\/revisions\/472"}],"wp:attachment":[{"href":"https:\/\/www.ideaas.org.br\/index.php?rest_route=%2Fwp%2Fv2%2Fmedia&parent=289"}],"curies":[{"name":"wp","href":"https:\/\/api.w.org\/{rel}","templated":true}]}}