{"id":251,"date":"2018-05-24T15:16:28","date_gmt":"2018-05-24T18:16:28","guid":{"rendered":"http:\/\/www.ideaas.org.br\/?page_id=251"},"modified":"2018-05-30T13:31:26","modified_gmt":"2018-05-30T16:31:26","slug":"produtos-e-servicos","status":"publish","type":"page","link":"https:\/\/www.ideaas.org.br\/?page_id=251","title":{"rendered":"PRODUTOS E SERVI\u00c7OS"},"content":{"rendered":"<p style=\"text-align: justify;\">O IDEAAS tamb\u00e9m oferece produtos e servi\u00e7os customizados \u00e0s necessidades locais:<\/p>\n<p style=\"text-align: justify;\">&#8211; Tecnologias de acesso \u00e0 energia<br \/>\n&#8211; Modelos de neg\u00f3cios inclusivos em energia<br \/>\n&#8211; Prot\u00f3tipos sob demanda<br \/>\n&#8211; Cria\u00e7\u00e3o de modelos para gera\u00e7\u00e3o descentralizada<br \/>\n&#8211; Solu\u00e7\u00f5es energ\u00e9ticas para locais isolados<br \/>\n&#8211; Instala\u00e7\u00f5es em energia solar<br \/>\n&#8211; Laudo t\u00e9cnico relacionado a projetos<\/p>\n<p style=\"text-align: justify;\">\n<h3 style=\"text-align: justify;\">Tecnologias de acesso \u00e0 energia<\/h3>\n<p style=\"text-align: justify;\">O IDEAAS concebe, desenvolve e implementa tecnologias em energias renov\u00e1veis, para \u00e1reas com ou sem acesso \u00e0 rede de distribui\u00e7\u00e3o convencional de energia.<\/p>\n<p style=\"text-align: justify;\">A identifica\u00e7\u00e3o e o desenvolvimento de uma solu\u00e7\u00e3o, desde a escolha da fonte de energia renov\u00e1vel ao modelo de implementa\u00e7\u00e3o, envolve etapas de an\u00e1lise, capacita\u00e7\u00e3o e gest\u00e3o, que consideram as caracter\u00edsticas locais, os recursos dispon\u00edveis, as necessidades da popula\u00e7\u00e3o e aspectos culturais.<\/p>\n<p style=\"text-align: justify;\">As tecnologias t\u00eam o foco no uso produtivo, inclus\u00e3o social, fomento \u00e0 inova\u00e7\u00e3o social, uso alternativo de energia e solu\u00e7\u00f5es \u201coff grid\u201d, para locais isolados.<\/p>\n<p style=\"text-align: justify;\">\n<h3 style=\"text-align: justify;\">Modelos de Neg\u00f3cios<\/h3>\n<p style=\"text-align: justify;\">O uso de novas energias frequentemente exige novos formatos, atores e intera\u00e7\u00f5es. O IDEAAS desenvolve e implementa modelos de neg\u00f3cio envolvendo o uso de energias para progresso tecnol\u00f3gico.<\/p>\n<ul style=\"text-align: justify;\">\n<li>Neg\u00f3cios inclusivos<\/li>\n<li>Modelos de neg\u00f3cios para introdu\u00e7\u00e3o de novas tecnologias<\/li>\n<li>Constru\u00e7\u00e3o de Arranjos Produtivos Locais<\/li>\n<\/ul>\n<p style=\"text-align: justify;\">\n<h3 style=\"text-align: justify;\"><b>Prototipagem<\/b><\/h3>\n<p style=\"text-align: justify;\">O IDEAAS desenvolve prot\u00f3tipos sob demanda.<\/p>\n<p style=\"text-align: justify;\">\n<h3 style=\"text-align: justify;\">Gera\u00e7\u00e3o descentralizada<\/h3>\n<p style=\"text-align: justify;\">A microgera\u00e7\u00e3o distribu\u00edda, pr\u00f3xima aos locais de consumo, \u00e9 uma maneira de descentralizar o acesso \u00e0 energia, e com isso reduzir custos e impactos relacionados, mas tamb\u00e9m pode ser a \u00fanica maneira de levar energia a determinados locais. Modelos de gera\u00e7\u00e3o descentralizada solucionam quest\u00f5es energ\u00e9ticas ao mesmo tempo em que promover autonomia de comunidades servindo de fonte de renda para a popula\u00e7\u00e3o. O IDEAAS concebe, implementa e instala sistemas de microgera\u00e7\u00e3o, conectados e isolados.<\/p>\n<p style=\"text-align: justify;\">\n<h3 style=\"text-align: justify;\">Solu\u00e7\u00f5es energ\u00e9ticas para locais isolados<\/h3>\n<p style=\"text-align: justify;\">O IDEAAS tem experi\u00eancia em criar e implementar tecnologias para regi\u00f5es remotas para solucionar quest\u00f5es comunit\u00e1rias, dom\u00e9sticas e produtivas, como o bombeamento da \u00e1gua, seguran\u00e7a energ\u00e9tica para a \u00e1rea da sa\u00fade, conserva\u00e7\u00e3o dos alimentos, ilumina\u00e7\u00e3o das casas, comunica\u00e7\u00e3o, produ\u00e7\u00e3o agr\u00edcola, entre outros.<\/p>\n<p style=\"text-align: justify;\">\n<h3 style=\"text-align: justify;\">Instala\u00e7\u00f5es<\/h3>\n<p style=\"text-align: justify;\">O IDEAAS oferece servi\u00e7os de instala\u00e7\u00e3o relacionadas a energias renov\u00e1veis conforme demanda ou projeto.<\/p>\n<p style=\"text-align: justify;\">\n<h3 style=\"text-align: justify;\">Laudo T\u00e9cnico<\/h3>\n<p style=\"text-align: justify;\">Laudo t\u00e9cnico relacionado a projetos.<\/p>\n","protected":false},"excerpt":{"rendered":"<p>O IDEAAS tamb\u00e9m oferece produtos e servi\u00e7os customizados \u00e0s necessidades locais: &#8211; Tecnologias de acesso \u00e0 energia &#8211; Modelos de neg\u00f3cios inclusivos em energia &#8211; Prot\u00f3tipos sob demanda &#8211; Cria\u00e7\u00e3o de modelos para gera\u00e7\u00e3o descentralizada &#8211; Solu\u00e7\u00f5es energ\u00e9ticas para locais isolados &#8211; Instala\u00e7\u00f5es em energia solar &#8211; Laudo t\u00e9cnico relacionado a projetos Tecnologias de acesso [&hellip;]<\/p>\n","protected":false},"author":2,"featured_media":0,"parent":0,"menu_order":0,"comment_status":"closed","ping_status":"closed","template":"","meta":{"footnotes":""},"class_list":["post-251","page","type-page","status-publish","hentry"],"_links":{"self":[{"href":"https:\/\/www.ideaas.org.br\/index.php?rest_route=\/wp\/v2\/pages\/251","targetHints":{"allow":["GET"]}}],"collection":[{"href":"https:\/\/www.ideaas.org.br\/index.php?rest_route=\/wp\/v2\/pages"}],"about":[{"href":"https:\/\/www.ideaas.org.br\/index.php?rest_route=\/wp\/v2\/types\/page"}],"author":[{"embeddable":true,"href":"https:\/\/www.ideaas.org.br\/index.php?rest_route=\/wp\/v2\/users\/2"}],"replies":[{"embeddable":true,"href":"https:\/\/www.ideaas.org.br\/index.php?rest_route=%2Fwp%2Fv2%2Fcomments&post=251"}],"version-history":[{"count":7,"href":"https:\/\/www.ideaas.org.br\/index.php?rest_route=\/wp\/v2\/pages\/251\/revisions"}],"predecessor-version":[{"id":305,"href":"https:\/\/www.ideaas.org.br\/index.php?rest_route=\/wp\/v2\/pages\/251\/revisions\/305"}],"wp:attachment":[{"href":"https:\/\/www.ideaas.org.br\/index.php?rest_route=%2Fwp%2Fv2%2Fmedia&parent=251"}],"curies":[{"name":"wp","href":"https:\/\/api.w.org\/{rel}","templated":true}]}}